{"id":93,"date":"2022-11-07T22:12:29","date_gmt":"2022-11-07T22:12:29","guid":{"rendered":"https:\/\/pastel19-cp796.wordpresstemporal.com\/internacionalcargo\/?page_id=93"},"modified":"2023-02-01T10:04:04","modified_gmt":"2023-02-01T10:04:04","slug":"carga-general","status":"publish","type":"page","link":"https:\/\/www.internacionalcargo.com\/en\/carga-general\/","title":{"rendered":"General cargo"},"content":{"rendered":"<p>[et_pb_section fb_built=\u00bb1&#8243; _builder_version=\u00bb4.19.4&#8243; _module_preset=\u00bbdefault\u00bb background_image=\u00bbhttp:\/\/www.internacionalcargo.com\/wp-content\/uploads\/2022\/11\/container-operation-in-port-series-scaled-1.jpg\u00bb custom_padding=\u00bb||204px|||\u00bb global_colors_info=\u00bb{}\u00bb][\/et_pb_section][et_pb_section fb_built=\u00bb1&#8243; _builder_version=\u00bb4.18.1&#8243; _module_preset=\u00bbdefault\u00bb custom_padding=\u00bb0px||0px|||\u00bb global_colors_info=\u00bb{}\u00bb][et_pb_row _builder_version=\u00bb4.18.1&#8243; _module_preset=\u00bbdefault\u00bb custom_padding=\u00bb||6px|||\u00bb global_colors_info=\u00bb{}\u00bb][et_pb_column type=\u00bb4_4&#8243; _builder_version=\u00bb4.18.1&#8243; _module_preset=\u00bbdefault\u00bb global_colors_info=\u00bb{}\u00bb][et_pb_text _builder_version=\u00bb4.18.1&#8243; _module_preset=\u00bbdefault\u00bb text_text_color=\u00bb#13449a\u00bb text_font_size=\u00bb15px\u00bb header_3_text_color=\u00bb#13449a\u00bb header_3_font_size=\u00bb43px\u00bb header_3_line_height=\u00bb1.5em\u00bb custom_padding=\u00bb0px||0px|||\u00bb locked=\u00bboff\u00bb global_colors_info=\u00bb{}\u00bb]<\/p>\n<h3 style=\"text-align: center;\"><strong>Carga general<\/strong><\/h3>\n<p>[\/et_pb_text][\/et_pb_column][\/et_pb_row][et_pb_row _builder_version=\u00bb4.19.4&#8243; _module_preset=\u00bbdefault\u00bb global_colors_info=\u00bb{}\u00bb][et_pb_column type=\u00bb4_4&#8243; _builder_version=\u00bb4.18.1&#8243; _module_preset=\u00bbdefault\u00bb global_colors_info=\u00bb{}\u00bb][et_pb_text _builder_version=\u00bb4.18.1&#8243; _module_preset=\u00bbdefault\u00bb text_text_color=\u00bb#13449a\u00bb text_font_size=\u00bb15px\u00bb header_3_text_color=\u00bb#13449a\u00bb header_3_font_size=\u00bb29px\u00bb header_3_line_height=\u00bb1.5em\u00bb custom_padding=\u00bb0px||15px|||\u00bb locked=\u00bboff\u00bb global_colors_info=\u00bb{}\u00bb]<\/p>\n<p><span style=\"font-weight: 400;\">En <strong>Internacional Cargo<\/strong> ofrecemos un producto flexible para env\u00edos que ha sido adaptado para integrarse perfectamente en su cadena de suministro, independientemente de las necesidades de su negocio.<\/span><\/p>\n<p><span style=\"font-weight: 400;\">Internacional Cargo\u00a0 es especialista en crear soluciones a medida, especialmente cuando se trata de env\u00edos de carga mar\u00edtima. Con <strong>Internacional Cargo<\/strong> ofrecemos servicios de transporte completamente integrados para sus cargas de contenedores completos. No importa si necesita un socio de log\u00edstica para una secci\u00f3n de su cadena de suministro o bien servicios multimodales: nuestra empresa le ofrece toda la cobertura necesaria.\u00a0<\/span><\/p>\n<p><span style=\"font-weight: 400;\">Con un porfolio s\u00f3lido y global de servicios de transporte, seleccionaremos al transportista que mejor se adapta a sus necesidades de transporte FCL. Desde all\u00ed, nuestros expertos gestionar\u00e1n su env\u00edo desde el principio hasta el final, sin importar cu\u00e1ntas modalidades de transporte son necesarias para ello.<\/span><\/p>\n<p>[\/et_pb_text][\/et_pb_column][\/et_pb_row][\/et_pb_section][et_pb_section fb_built=\u00bb1&#8243; _builder_version=\u00bb4.18.1&#8243; _module_preset=\u00bbdefault\u00bb custom_padding=\u00bb0px|||||\u00bb locked=\u00bboff\u00bb global_colors_info=\u00bb{}\u00bb][et_pb_row column_structure=\u00bb2_5,3_5&#8243; use_custom_gutter=\u00bbon\u00bb _builder_version=\u00bb4.18.1&#8243; _module_preset=\u00bbdefault\u00bb width=\u00bb100%\u00bb max_width=\u00bb1269px\u00bb global_colors_info=\u00bb{}\u00bb][et_pb_column type=\u00bb2_5&#8243; _builder_version=\u00bb4.18.1&#8243; _module_preset=\u00bbdefault\u00bb global_colors_info=\u00bb{}\u00bb][et_pb_image src=\u00bbhttp:\/\/www.internacionalcargo.com\/wp-content\/uploads\/2022\/11\/transportation-and-logistics-of-container-cargo-ship-and-cargo-plane-scaled-1.jpg\u00bb title_text=\u00bbTransportation and logistics of Container Cargo ship and Cargo p\u00bb _builder_version=\u00bb4.19.4&#8243; _module_preset=\u00bbdefault\u00bb box_shadow_style=\u00bbpreset2&#8243; global_colors_info=\u00bb{}\u00bb][\/et_pb_image][\/et_pb_column][et_pb_column type=\u00bb3_5&#8243; _builder_version=\u00bb4.18.1&#8243; _module_preset=\u00bbdefault\u00bb global_colors_info=\u00bb{}\u00bb][et_pb_text _builder_version=\u00bb4.19.4&#8243; _module_preset=\u00bbdefault\u00bb text_text_color=\u00bb#13449a\u00bb text_font_size=\u00bb15px\u00bb header_3_text_color=\u00bb#13449a\u00bb header_3_font_size=\u00bb29px\u00bb header_3_line_height=\u00bb1.5em\u00bb width=\u00bb80%\u00bb max_width=\u00bb80%\u00bb module_alignment=\u00bbcenter\u00bb custom_padding=\u00bb0px||15px|||\u00bb locked=\u00bboff\u00bb global_colors_info=\u00bb{}\u00bb]<\/p>\n<p><strong>Internacional Cargo<\/strong> ofrece soluciones para sus mercanc\u00edas, por v\u00eda mar\u00edtima, a\u00e9rea, terrestre o a trav\u00e9s de la combinaci\u00f3n necesaria de estos medios de transporte para que su carga llegue a su destino.<\/p>\n<p>Dentro de la carga<span>\u00a0<\/span><em>dry<\/em><span>\u00a0<\/span>se incluyen todos los productos no refrigerados transportados en contenedores; como los textiles,<span>\u00a0<\/span><em>foodstuff<\/em>, equipo electr\u00f3nico, papel y muchos m\u00e1s.<\/p>\n<p>Nuestros equipos, en origen y destino, aparte de hacerle seguimiento a la carga durante todo el viaje est\u00e1n preparados para prestarle servicios m\u00e1s all\u00e1 del transporte.<\/p>\n<p>Nuestros equipos, en origen y destino, aparte de hacerle seguimiento a la carga durante todo el viaje est\u00e1n preparados para prestarle servicios m\u00e1s all\u00e1 del transporte<\/p>\n<p>[\/et_pb_text][\/et_pb_column][\/et_pb_row][\/et_pb_section]<\/p>\n","protected":false},"excerpt":{"rendered":"<p>Carga generalEn Internacional Cargo ofrecemos un producto flexible para env\u00edos que ha sido adaptado para integrarse perfectamente en su cadena de suministro, independientemente de las necesidades de su negocio. Internacional Cargo\u00a0 es especialista en crear soluciones a medida, especialmente cuando se trata de env\u00edos de carga mar\u00edtima. Con Internacional Cargo ofrecemos servicios de transporte completamente [&hellip;]<\/p>\n","protected":false},"author":1,"featured_media":0,"parent":0,"menu_order":0,"comment_status":"closed","ping_status":"closed","template":"","meta":{"_et_pb_use_builder":"on","_et_pb_old_content":"","_et_gb_content_width":"","footnotes":""},"class_list":["post-93","page","type-page","status-publish","hentry"],"_links":{"self":[{"href":"https:\/\/www.internacionalcargo.com\/en\/wp-json\/wp\/v2\/pages\/93","targetHints":{"allow":["GET"]}}],"collection":[{"href":"https:\/\/www.internacionalcargo.com\/en\/wp-json\/wp\/v2\/pages"}],"about":[{"href":"https:\/\/www.internacionalcargo.com\/en\/wp-json\/wp\/v2\/types\/page"}],"author":[{"embeddable":true,"href":"https:\/\/www.internacionalcargo.com\/en\/wp-json\/wp\/v2\/users\/1"}],"replies":[{"embeddable":true,"href":"https:\/\/www.internacionalcargo.com\/en\/wp-json\/wp\/v2\/comments?post=93"}],"version-history":[{"count":4,"href":"https:\/\/www.internacionalcargo.com\/en\/wp-json\/wp\/v2\/pages\/93\/revisions"}],"predecessor-version":[{"id":342,"href":"https:\/\/www.internacionalcargo.com\/en\/wp-json\/wp\/v2\/pages\/93\/revisions\/342"}],"wp:attachment":[{"href":"https:\/\/www.internacionalcargo.com\/en\/wp-json\/wp\/v2\/media?parent=93"}],"curies":[{"name":"wp","href":"https:\/\/api.w.org\/{rel}","templated":true}]}}

<p>[et_pb_section fb_built=»1&#8243; _builder_version=»4.19.4&#8243; _module_preset=»default» background_image=»http://www.internacionalcargo.com/wp-content/uploads/2022/11/container-operation-in-port-series-scaled-1.jpg» custom_padding=»||204px|||» global_colors_info=»{}»][/et_pb_section][et_pb_section fb_built=»1&#8243; _builder_version=»4.18.1&#8243; _module_preset=»default» custom_padding=»0px||0px|||» global_colors_info=»{}»][et_pb_row _builder_version=»4.18.1&#8243; _module_preset=»default» custom_padding=»||6px|||» global_colors_info=»{}»][et_pb_column type=»4_4&#8243; _builder_version=»4.18.1&#8243; _module_preset=»default» global_colors_info=»{}»][et_pb_text _builder_version=»4.18.1&#8243; _module_preset=»default» text_text_color=»#13449a» text_font_size=»15px» header_3_text_color=»#13449a» header_3_font_size=»43px» header_3_line_height=»1.5em» custom_padding=»0px||0px|||» locked=»off» global_colors_info=»{}»]</p>
<h3 style="text-align: center;"><strong>Carga general</strong></h3>
<p>[/et_pb_text][/et_pb_column][/et_pb_row][et_pb_row _builder_version=»4.19.4&#8243; _module_preset=»default» global_colors_info=»{}»][et_pb_column type=»4_4&#8243; _builder_version=»4.18.1&#8243; _module_preset=»default» global_colors_info=»{}»][et_pb_text _builder_version=»4.18.1&#8243; _module_preset=»default» text_text_color=»#13449a» text_font_size=»15px» header_3_text_color=»#13449a» header_3_font_size=»29px» header_3_line_height=»1.5em» custom_padding=»0px||15px|||» locked=»off» global_colors_info=»{}»]</p>
<p><span style="font-weight: 400;">En <strong>Internacional Cargo</strong> ofrecemos un producto flexible para envíos que ha sido adaptado para integrarse perfectamente en su cadena de suministro, independientemente de las necesidades de su negocio.</span></p>
<p><span style="font-weight: 400;">Internacional Cargo  es especialista en crear soluciones a medida, especialmente cuando se trata de envíos de carga marítima. Con <strong>Internacional Cargo</strong> ofrecemos servicios de transporte completamente integrados para sus cargas de contenedores completos. No importa si necesita un socio de logística para una sección de su cadena de suministro o bien servicios multimodales: nuestra empresa le ofrece toda la cobertura necesaria. </span></p>
<p><span style="font-weight: 400;">Con un porfolio sólido y global de servicios de transporte, seleccionaremos al transportista que mejor se adapta a sus necesidades de transporte FCL. Desde allí, nuestros expertos gestionarán su envío desde el principio hasta el final, sin importar cuántas modalidades de transporte son necesarias para ello.</span></p>
<p>[/et_pb_text][/et_pb_column][/et_pb_row][/et_pb_section][et_pb_section fb_built=»1&#8243; _builder_version=»4.18.1&#8243; _module_preset=»default» custom_padding=»0px|||||» locked=»off» global_colors_info=»{}»][et_pb_row column_structure=»2_5,3_5&#8243; use_custom_gutter=»on» _builder_version=»4.18.1&#8243; _module_preset=»default» width=»100%» max_width=»1269px» global_colors_info=»{}»][et_pb_column type=»2_5&#8243; _builder_version=»4.18.1&#8243; _module_preset=»default» global_colors_info=»{}»][et_pb_image src=»http://www.internacionalcargo.com/wp-content/uploads/2022/11/transportation-and-logistics-of-container-cargo-ship-and-cargo-plane-scaled-1.jpg» title_text=»Transportation and logistics of Container Cargo ship and Cargo p» _builder_version=»4.19.4&#8243; _module_preset=»default» box_shadow_style=»preset2&#8243; global_colors_info=»{}»][/et_pb_image][/et_pb_column][et_pb_column type=»3_5&#8243; _builder_version=»4.18.1&#8243; _module_preset=»default» global_colors_info=»{}»][et_pb_text _builder_version=»4.19.4&#8243; _module_preset=»default» text_text_color=»#13449a» text_font_size=»15px» header_3_text_color=»#13449a» header_3_font_size=»29px» header_3_line_height=»1.5em» width=»80%» max_width=»80%» module_alignment=»center» custom_padding=»0px||15px|||» locked=»off» global_colors_info=»{}»]</p>
<p><strong>Internacional Cargo</strong> ofrece soluciones para sus mercancías, por vía marítima, aérea, terrestre o a través de la combinación necesaria de estos medios de transporte para que su carga llegue a su destino.</p>
<p>Dentro de la carga<span> </span><em>dry</em><span> </span>se incluyen todos los productos no refrigerados transportados en contenedores; como los textiles,<span> </span><em>foodstuff</em>, equipo electrónico, papel y muchos más.</p>
<p>Nuestros equipos, en origen y destino, aparte de hacerle seguimiento a la carga durante todo el viaje están preparados para prestarle servicios más allá del transporte.</p>
<p>Nuestros equipos, en origen y destino, aparte de hacerle seguimiento a la carga durante todo el viaje están preparados para prestarle servicios más allá del transporte</p>
<p>[/et_pb_text][/et_pb_column][/et_pb_row][/et_pb_section]</p>

<p>Carga generalEn Internacional Cargo ofrecemos un producto flexible para envíos que ha sido adaptado para integrarse perfectamente en su cadena de suministro, independientemente de las necesidades de su negocio. Internacional Cargo  es especialista en crear soluciones a medida, especialmente cuando se trata de envíos de carga marítima. Con Internacional Cargo ofrecemos servicios de transporte completamente [&hellip;]</p>
