{"id":290,"date":"2023-01-24T11:50:05","date_gmt":"2023-01-24T11:50:05","guid":{"rendered":"https:\/\/www.internacionalcargo.com\/?page_id=290"},"modified":"2023-02-01T10:07:50","modified_gmt":"2023-02-01T10:07:50","slug":"red-de-agentes","status":"publish","type":"page","link":"https:\/\/www.internacionalcargo.com\/en\/red-de-agentes\/","title":{"rendered":"Agents Network"},"content":{"rendered":"<p>[et_pb_section fb_built=\u00bb1&#8243; _builder_version=\u00bb4.19.4&#8243; _module_preset=\u00bbdefault\u00bb background_image=\u00bbhttp:\/\/www.internacionalcargo.com\/wp-content\/uploads\/2023\/01\/pexels-quintin-gellar-2199293-scaled.jpg\u00bb custom_padding=\u00bb||204px|||\u00bb global_colors_info=\u00bb{}\u00bb][\/et_pb_section][et_pb_section fb_built=\u00bb1&#8243; _builder_version=\u00bb4.18.1&#8243; _module_preset=\u00bbdefault\u00bb custom_padding=\u00bb0px||0px|||\u00bb global_colors_info=\u00bb{}\u00bb][et_pb_row _builder_version=\u00bb4.18.1&#8243; _module_preset=\u00bbdefault\u00bb custom_padding=\u00bb||6px|||\u00bb global_colors_info=\u00bb{}\u00bb][et_pb_column type=\u00bb4_4&#8243; _builder_version=\u00bb4.18.1&#8243; _module_preset=\u00bbdefault\u00bb global_colors_info=\u00bb{}\u00bb][et_pb_text _builder_version=\u00bb4.19.4&#8243; _module_preset=\u00bbdefault\u00bb text_text_color=\u00bb#13449a\u00bb text_font_size=\u00bb15px\u00bb header_3_text_color=\u00bb#13449a\u00bb header_3_font_size=\u00bb43px\u00bb header_3_line_height=\u00bb1.5em\u00bb custom_padding=\u00bb0px||0px|||\u00bb locked=\u00bboff\u00bb global_colors_info=\u00bb{}\u00bb]<\/p>\n<h3 style=\"text-align: center;\"><strong>Red de Agentes<\/strong><\/h3>\n<p>[\/et_pb_text][\/et_pb_column][\/et_pb_row][et_pb_row _builder_version=\u00bb4.19.4&#8243; _module_preset=\u00bbdefault\u00bb global_colors_info=\u00bb{}\u00bb][et_pb_column type=\u00bb4_4&#8243; _builder_version=\u00bb4.18.1&#8243; _module_preset=\u00bbdefault\u00bb global_colors_info=\u00bb{}\u00bb][et_pb_text _builder_version=\u00bb4.19.4&#8243; _module_preset=\u00bbdefault\u00bb text_text_color=\u00bb#13449a\u00bb text_font_size=\u00bb15px\u00bb header_3_text_color=\u00bb#13449a\u00bb header_3_font_size=\u00bb29px\u00bb header_3_line_height=\u00bb1.5em\u00bb custom_padding=\u00bb0px||15px|||\u00bb locked=\u00bboff\u00bb global_colors_info=\u00bb{}\u00bb]<\/p>\n<p><span style=\"font-weight: 400;\">Nuestra compa\u00f1\u00eda cuenta con una amplia red de agentes a escala mundial seleccionadas por la calidad de los servicios ofertados en cada pa\u00eds. De este modo podemos ofrecerle un servicio \u00fanico en el que prima el compromiso del cuidado de sus mercanc\u00edas y su manipulaci\u00f3n en el pa\u00eds de origen correspondiente.<\/span><\/p>\n<p>[\/et_pb_text][\/et_pb_column][\/et_pb_row][\/et_pb_section][et_pb_section fb_built=\u00bb1&#8243; _builder_version=\u00bb4.19.4&#8243; _module_preset=\u00bbdefault\u00bb custom_padding=\u00bb0px|||||\u00bb hover_enabled=\u00bb0&#8243; locked=\u00bboff\u00bb global_colors_info=\u00bb{}\u00bb disabled_on=\u00bbon|on|on\u00bb disabled=\u00bbon\u00bb sticky_enabled=\u00bb0&#8243;][et_pb_row _builder_version=\u00bb4.19.4&#8243; _module_preset=\u00bbdefault\u00bb][et_pb_column _builder_version=\u00bb4.19.4&#8243; _module_preset=\u00bbdefault\u00bb type=\u00bb4_4&#8243;][et_pb_text _builder_version=\u00bb4.19.4&#8243; _module_preset=\u00bbdefault\u00bb hover_enabled=\u00bb0&#8243; sticky_enabled=\u00bb0&#8243;]<\/p>\n<p>PONER TEXTO M\u00c1S GRANDE Y A\u00d1ADIR DOS FOTOS PEQUE\u00d1AS EN EL CONTENIDO: UNA DE DOS PERSONAS D\u00c1NDOSE LA MANO Y OTRA DE REUNI\u00d3N DE EQUIPO DE TRABAJO.<\/p>\n<p>[\/et_pb_text][\/et_pb_column][\/et_pb_row][\/et_pb_section]<\/p>\n","protected":false},"excerpt":{"rendered":"<p>Red de AgentesNuestra compa\u00f1\u00eda cuenta con una amplia red de agentes a escala mundial seleccionadas por la calidad de los servicios ofertados en cada pa\u00eds. De este modo podemos ofrecerle un servicio \u00fanico en el que prima el compromiso del cuidado de sus mercanc\u00edas y su manipulaci\u00f3n en el pa\u00eds de origen correspondiente.PONER TEXTO M\u00c1S [&hellip;]<\/p>\n","protected":false},"author":4,"featured_media":0,"parent":0,"menu_order":0,"comment_status":"closed","ping_status":"closed","template":"","meta":{"_et_pb_use_builder":"on","_et_pb_old_content":"","_et_gb_content_width":"","footnotes":""},"class_list":["post-290","page","type-page","status-publish","hentry"],"_links":{"self":[{"href":"https:\/\/www.internacionalcargo.com\/en\/wp-json\/wp\/v2\/pages\/290","targetHints":{"allow":["GET"]}}],"collection":[{"href":"https:\/\/www.internacionalcargo.com\/en\/wp-json\/wp\/v2\/pages"}],"about":[{"href":"https:\/\/www.internacionalcargo.com\/en\/wp-json\/wp\/v2\/types\/page"}],"author":[{"embeddable":true,"href":"https:\/\/www.internacionalcargo.com\/en\/wp-json\/wp\/v2\/users\/4"}],"replies":[{"embeddable":true,"href":"https:\/\/www.internacionalcargo.com\/en\/wp-json\/wp\/v2\/comments?post=290"}],"version-history":[{"count":4,"href":"https:\/\/www.internacionalcargo.com\/en\/wp-json\/wp\/v2\/pages\/290\/revisions"}],"predecessor-version":[{"id":346,"href":"https:\/\/www.internacionalcargo.com\/en\/wp-json\/wp\/v2\/pages\/290\/revisions\/346"}],"wp:attachment":[{"href":"https:\/\/www.internacionalcargo.com\/en\/wp-json\/wp\/v2\/media?parent=290"}],"curies":[{"name":"wp","href":"https:\/\/api.w.org\/{rel}","templated":true}]}}

<p>[et_pb_section fb_built=»1&#8243; _builder_version=»4.19.4&#8243; _module_preset=»default» background_image=»http://www.internacionalcargo.com/wp-content/uploads/2023/01/pexels-quintin-gellar-2199293-scaled.jpg» custom_padding=»||204px|||» global_colors_info=»{}»][/et_pb_section][et_pb_section fb_built=»1&#8243; _builder_version=»4.18.1&#8243; _module_preset=»default» custom_padding=»0px||0px|||» global_colors_info=»{}»][et_pb_row _builder_version=»4.18.1&#8243; _module_preset=»default» custom_padding=»||6px|||» global_colors_info=»{}»][et_pb_column type=»4_4&#8243; _builder_version=»4.18.1&#8243; _module_preset=»default» global_colors_info=»{}»][et_pb_text _builder_version=»4.19.4&#8243; _module_preset=»default» text_text_color=»#13449a» text_font_size=»15px» header_3_text_color=»#13449a» header_3_font_size=»43px» header_3_line_height=»1.5em» custom_padding=»0px||0px|||» locked=»off» global_colors_info=»{}»]</p>
<h3 style="text-align: center;"><strong>Red de Agentes</strong></h3>
<p>[/et_pb_text][/et_pb_column][/et_pb_row][et_pb_row _builder_version=»4.19.4&#8243; _module_preset=»default» global_colors_info=»{}»][et_pb_column type=»4_4&#8243; _builder_version=»4.18.1&#8243; _module_preset=»default» global_colors_info=»{}»][et_pb_text _builder_version=»4.19.4&#8243; _module_preset=»default» text_text_color=»#13449a» text_font_size=»15px» header_3_text_color=»#13449a» header_3_font_size=»29px» header_3_line_height=»1.5em» custom_padding=»0px||15px|||» locked=»off» global_colors_info=»{}»]</p>
<p><span style="font-weight: 400;">Nuestra compañía cuenta con una amplia red de agentes a escala mundial seleccionadas por la calidad de los servicios ofertados en cada país. De este modo podemos ofrecerle un servicio único en el que prima el compromiso del cuidado de sus mercancías y su manipulación en el país de origen correspondiente.</span></p>
<p>[/et_pb_text][/et_pb_column][/et_pb_row][/et_pb_section][et_pb_section fb_built=»1&#8243; _builder_version=»4.19.4&#8243; _module_preset=»default» custom_padding=»0px|||||» hover_enabled=»0&#8243; locked=»off» global_colors_info=»{}» disabled_on=»on|on|on» disabled=»on» sticky_enabled=»0&#8243;][et_pb_row _builder_version=»4.19.4&#8243; _module_preset=»default»][et_pb_column _builder_version=»4.19.4&#8243; _module_preset=»default» type=»4_4&#8243;][et_pb_text _builder_version=»4.19.4&#8243; _module_preset=»default» hover_enabled=»0&#8243; sticky_enabled=»0&#8243;]</p>
<p>PONER TEXTO MÁS GRANDE Y AÑADIR DOS FOTOS PEQUEÑAS EN EL CONTENIDO: UNA DE DOS PERSONAS DÁNDOSE LA MANO Y OTRA DE REUNIÓN DE EQUIPO DE TRABAJO.</p>
<p>[/et_pb_text][/et_pb_column][/et_pb_row][/et_pb_section]</p>

<p>Red de AgentesNuestra compañía cuenta con una amplia red de agentes a escala mundial seleccionadas por la calidad de los servicios ofertados en cada país. De este modo podemos ofrecerle un servicio único en el que prima el compromiso del cuidado de sus mercancías y su manipulación en el país de origen correspondiente.PONER TEXTO MÁS [&hellip;]</p>
