{"id":129,"date":"2022-11-07T22:29:02","date_gmt":"2022-11-07T22:29:02","guid":{"rendered":"https:\/\/pastel19-cp796.wordpresstemporal.com\/internacionalcargo\/?page_id=129"},"modified":"2023-02-01T10:11:46","modified_gmt":"2023-02-01T10:11:46","slug":"historia","status":"publish","type":"page","link":"https:\/\/www.internacionalcargo.com\/en\/historia\/","title":{"rendered":"History"},"content":{"rendered":"<p>[et_pb_section fb_built=\u00bb1&#8243; _builder_version=\u00bb4.19.4&#8243; _module_preset=\u00bbdefault\u00bb background_image=\u00bbhttp:\/\/www.internacionalcargo.com\/wp-content\/uploads\/2022\/11\/container-ship-arriving-in-commercial-port-scaled-1.jpg\u00bb custom_padding=\u00bb||204px|||\u00bb global_colors_info=\u00bb{}\u00bb][\/et_pb_section][et_pb_section fb_built=\u00bb1&#8243; _builder_version=\u00bb4.18.1&#8243; _module_preset=\u00bbdefault\u00bb custom_padding=\u00bb0px||0px|||\u00bb global_colors_info=\u00bb{}\u00bb][et_pb_row _builder_version=\u00bb4.18.1&#8243; _module_preset=\u00bbdefault\u00bb custom_padding=\u00bb||6px|||\u00bb global_colors_info=\u00bb{}\u00bb][et_pb_column type=\u00bb4_4&#8243; _builder_version=\u00bb4.18.1&#8243; _module_preset=\u00bbdefault\u00bb global_colors_info=\u00bb{}\u00bb][et_pb_text _builder_version=\u00bb4.18.1&#8243; _module_preset=\u00bbdefault\u00bb text_text_color=\u00bb#13449a\u00bb text_font_size=\u00bb15px\u00bb header_3_text_color=\u00bb#13449a\u00bb header_3_font_size=\u00bb43px\u00bb header_3_line_height=\u00bb1.5em\u00bb custom_padding=\u00bb0px||0px|||\u00bb locked=\u00bboff\u00bb global_colors_info=\u00bb{}\u00bb]<\/p>\n<h3 style=\"text-align: center;\"><strong>Historia<\/strong><\/h3>\n<p>[\/et_pb_text][\/et_pb_column][\/et_pb_row][et_pb_row use_custom_gutter=\u00bbon\u00bb _builder_version=\u00bb4.18.1&#8243; _module_preset=\u00bbdefault\u00bb width=\u00bb100%\u00bb max_width=\u00bb1295px\u00bb global_colors_info=\u00bb{}\u00bb][et_pb_column type=\u00bb4_4&#8243; _builder_version=\u00bb4.18.1&#8243; _module_preset=\u00bbdefault\u00bb global_colors_info=\u00bb{}\u00bb][et_pb_text _builder_version=\u00bb4.19.4&#8243; _module_preset=\u00bbdefault\u00bb text_text_color=\u00bb#13449a\u00bb text_font_size=\u00bb21px\u00bb header_3_text_color=\u00bb#13449a\u00bb header_3_font_size=\u00bb29px\u00bb header_3_line_height=\u00bb1.5em\u00bb width=\u00bb80%\u00bb max_width=\u00bb80%\u00bb module_alignment=\u00bbcenter\u00bb custom_padding=\u00bb||||false|false\u00bb hover_enabled=\u00bb0&#8243; locked=\u00bboff\u00bb global_colors_info=\u00bb{}\u00bb sticky_enabled=\u00bb0&#8243;]<\/p>\n<p style=\"text-align: center;\">\u00a0Tras varias d\u00e9cadas dedicadas a la gesti\u00f3n logistica y aduanera,<strong> INTERNACIONAL CARGO<\/strong> se ha convertido en un referente en este negocio.<\/p>\n<p style=\"text-align: center;\">Nos hemos caracterizado por nuestro alto emprendimiento, apostando por la calidad en cada uno de nuestros servicios.<\/p>\n<p style=\"text-align: center;\">Nuestra misi\u00f3n es convertirnos en el integrador de confianza, ofreciendo soluciones log\u00edsticas que conecten, protejan y simplifiquen las cadenas de suministro de nuestros clientes<\/p>\n<p style=\"text-align: center;\">Conectamos con el mundo, nuestros horizontes van m\u00e1s all\u00e1 de los oc\u00e9anos<\/p>\n<p style=\"text-align: center;\">Adem\u00e1s nuestro c\u00f3digo de conducta facilita informaci\u00f3n sobres los servicios ofrecidos a todos nuestros clientes y proveedores.<\/p>\n<p>[\/et_pb_text][\/et_pb_column][\/et_pb_row][\/et_pb_section][et_pb_section fb_built=\u00bb1&#8243; _builder_version=\u00bb4.18.1&#8243; _module_preset=\u00bbdefault\u00bb custom_padding=\u00bb1px|||||\u00bb global_colors_info=\u00bb{}\u00bb][et_pb_row _builder_version=\u00bb4.19.4&#8243; _module_preset=\u00bbdefault\u00bb][et_pb_column _builder_version=\u00bb4.19.4&#8243; _module_preset=\u00bbdefault\u00bb type=\u00bb4_4&#8243;][et_pb_image src=\u00bbhttp:\/\/www.internacionalcargo.com\/wp-content\/uploads\/2022\/11\/logo-grande.png\u00bb _builder_version=\u00bb4.19.4&#8243; _module_preset=\u00bbdefault\u00bb title_text=\u00bblogo-grande\u00bb align=\u00bbcenter\u00bb max_width=\u00bb69%\u00bb hover_enabled=\u00bb0&#8243; sticky_enabled=\u00bb0&#8243;][\/et_pb_image][\/et_pb_column][\/et_pb_row][\/et_pb_section]<\/p>\n","protected":false},"excerpt":{"rendered":"<p>Historia\u00a0Tras varias d\u00e9cadas dedicadas a la gesti\u00f3n logistica y aduanera, INTERNACIONAL CARGO se ha convertido en un referente en este negocio. Nos hemos caracterizado por nuestro alto emprendimiento, apostando por la calidad en cada uno de nuestros servicios. Nuestra misi\u00f3n es convertirnos en el integrador de confianza, ofreciendo soluciones log\u00edsticas que conecten, protejan y simplifiquen [&hellip;]<\/p>\n","protected":false},"author":1,"featured_media":0,"parent":0,"menu_order":0,"comment_status":"closed","ping_status":"closed","template":"","meta":{"_et_pb_use_builder":"on","_et_pb_old_content":"","_et_gb_content_width":"","footnotes":""},"class_list":["post-129","page","type-page","status-publish","hentry"],"_links":{"self":[{"href":"https:\/\/www.internacionalcargo.com\/en\/wp-json\/wp\/v2\/pages\/129","targetHints":{"allow":["GET"]}}],"collection":[{"href":"https:\/\/www.internacionalcargo.com\/en\/wp-json\/wp\/v2\/pages"}],"about":[{"href":"https:\/\/www.internacionalcargo.com\/en\/wp-json\/wp\/v2\/types\/page"}],"author":[{"embeddable":true,"href":"https:\/\/www.internacionalcargo.com\/en\/wp-json\/wp\/v2\/users\/1"}],"replies":[{"embeddable":true,"href":"https:\/\/www.internacionalcargo.com\/en\/wp-json\/wp\/v2\/comments?post=129"}],"version-history":[{"count":4,"href":"https:\/\/www.internacionalcargo.com\/en\/wp-json\/wp\/v2\/pages\/129\/revisions"}],"predecessor-version":[{"id":348,"href":"https:\/\/www.internacionalcargo.com\/en\/wp-json\/wp\/v2\/pages\/129\/revisions\/348"}],"wp:attachment":[{"href":"https:\/\/www.internacionalcargo.com\/en\/wp-json\/wp\/v2\/media?parent=129"}],"curies":[{"name":"wp","href":"https:\/\/api.w.org\/{rel}","templated":true}]}}

<p>[et_pb_section fb_built=»1&#8243; _builder_version=»4.19.4&#8243; _module_preset=»default» background_image=»http://www.internacionalcargo.com/wp-content/uploads/2022/11/container-ship-arriving-in-commercial-port-scaled-1.jpg» custom_padding=»||204px|||» global_colors_info=»{}»][/et_pb_section][et_pb_section fb_built=»1&#8243; _builder_version=»4.18.1&#8243; _module_preset=»default» custom_padding=»0px||0px|||» global_colors_info=»{}»][et_pb_row _builder_version=»4.18.1&#8243; _module_preset=»default» custom_padding=»||6px|||» global_colors_info=»{}»][et_pb_column type=»4_4&#8243; _builder_version=»4.18.1&#8243; _module_preset=»default» global_colors_info=»{}»][et_pb_text _builder_version=»4.18.1&#8243; _module_preset=»default» text_text_color=»#13449a» text_font_size=»15px» header_3_text_color=»#13449a» header_3_font_size=»43px» header_3_line_height=»1.5em» custom_padding=»0px||0px|||» locked=»off» global_colors_info=»{}»]</p>
<h3 style="text-align: center;"><strong>Historia</strong></h3>
<p>[/et_pb_text][/et_pb_column][/et_pb_row][et_pb_row use_custom_gutter=»on» _builder_version=»4.18.1&#8243; _module_preset=»default» width=»100%» max_width=»1295px» global_colors_info=»{}»][et_pb_column type=»4_4&#8243; _builder_version=»4.18.1&#8243; _module_preset=»default» global_colors_info=»{}»][et_pb_text _builder_version=»4.19.4&#8243; _module_preset=»default» text_text_color=»#13449a» text_font_size=»21px» header_3_text_color=»#13449a» header_3_font_size=»29px» header_3_line_height=»1.5em» width=»80%» max_width=»80%» module_alignment=»center» custom_padding=»||||false|false» hover_enabled=»0&#8243; locked=»off» global_colors_info=»{}» sticky_enabled=»0&#8243;]</p>
<p style="text-align: center;"> Tras varias décadas dedicadas a la gestión logistica y aduanera,<strong> INTERNACIONAL CARGO</strong> se ha convertido en un referente en este negocio.</p>
<p style="text-align: center;">Nos hemos caracterizado por nuestro alto emprendimiento, apostando por la calidad en cada uno de nuestros servicios.</p>
<p style="text-align: center;">Nuestra misión es convertirnos en el integrador de confianza, ofreciendo soluciones logísticas que conecten, protejan y simplifiquen las cadenas de suministro de nuestros clientes</p>
<p style="text-align: center;">Conectamos con el mundo, nuestros horizontes van más allá de los océanos</p>
<p style="text-align: center;">Además nuestro código de conducta facilita información sobres los servicios ofrecidos a todos nuestros clientes y proveedores.</p>
<p>[/et_pb_text][/et_pb_column][/et_pb_row][/et_pb_section][et_pb_section fb_built=»1&#8243; _builder_version=»4.18.1&#8243; _module_preset=»default» custom_padding=»1px|||||» global_colors_info=»{}»][et_pb_row _builder_version=»4.19.4&#8243; _module_preset=»default»][et_pb_column _builder_version=»4.19.4&#8243; _module_preset=»default» type=»4_4&#8243;][et_pb_image src=»http://www.internacionalcargo.com/wp-content/uploads/2022/11/logo-grande.png» _builder_version=»4.19.4&#8243; _module_preset=»default» title_text=»logo-grande» align=»center» max_width=»69%» hover_enabled=»0&#8243; sticky_enabled=»0&#8243;][/et_pb_image][/et_pb_column][/et_pb_row][/et_pb_section]</p>

<p>Historia Tras varias décadas dedicadas a la gestión logistica y aduanera, INTERNACIONAL CARGO se ha convertido en un referente en este negocio. Nos hemos caracterizado por nuestro alto emprendimiento, apostando por la calidad en cada uno de nuestros servicios. Nuestra misión es convertirnos en el integrador de confianza, ofreciendo soluciones logísticas que conecten, protejan y simplifiquen [&hellip;]</p>
