{"id":117,"date":"2022-11-07T22:23:02","date_gmt":"2022-11-07T22:23:02","guid":{"rendered":"https:\/\/pastel19-cp796.wordpresstemporal.com\/internacionalcargo\/?page_id=117"},"modified":"2023-02-01T10:16:42","modified_gmt":"2023-02-01T10:16:42","slug":"ultimas-noticias","status":"publish","type":"page","link":"https:\/\/www.internacionalcargo.com\/en\/ultimas-noticias\/","title":{"rendered":"Latest news"},"content":{"rendered":"<p>[et_pb_section fb_built=\u00bb1&#8243; _builder_version=\u00bb4.19.4&#8243; _module_preset=\u00bbdefault\u00bb background_color=\u00bbrgba(0,0,0,0.38)\u00bb background_image=\u00bbhttp:\/\/www.internacionalcargo.com\/wp-content\/uploads\/2022\/11\/container-ship-loading-and-unloading-in-deep-sea-port-at-sunset-aerial-view-of-business-logistic-import-and-export-scaled-1.jpg\u00bb background_blend=\u00bboverlay\u00bb custom_padding=\u00bb0px||0px|||\u00bb global_colors_info=\u00bb{}\u00bb][et_pb_row use_custom_gutter=\u00bbon\u00bb _builder_version=\u00bb4.18.1&#8243; _module_preset=\u00bbdefault\u00bb width=\u00bb100%\u00bb max_width=\u00bb1542px\u00bb custom_padding=\u00bb1px||0px|||\u00bb global_colors_info=\u00bb{}\u00bb][et_pb_column type=\u00bb4_4&#8243; _builder_version=\u00bb4.18.1&#8243; _module_preset=\u00bbdefault\u00bb global_colors_info=\u00bb{}\u00bb][et_pb_text _builder_version=\u00bb4.18.1&#8243; _module_preset=\u00bbdefault\u00bb header_text_color=\u00bb#FFFFFF\u00bb header_font_size=\u00bb52px\u00bb custom_margin=\u00bb150px||150px||true|false\u00bb global_colors_info=\u00bb{}\u00bb]<\/p>\n<h1 style=\"text-align: center;\">\u00daltimas noticias<\/h1>\n<p>[\/et_pb_text][\/et_pb_column][\/et_pb_row][\/et_pb_section][et_pb_section fb_built=\u00bb1&#8243; _builder_version=\u00bb4.18.1&#8243; _module_preset=\u00bbdefault\u00bb custom_padding=\u00bb0px||0px|||\u00bb global_colors_info=\u00bb{}\u00bb][et_pb_row _builder_version=\u00bb4.19.4&#8243; _module_preset=\u00bbdefault\u00bb background_color=\u00bb#13449a\u00bb width=\u00bb100%\u00bb max_width=\u00bb100vw\u00bb custom_padding=\u00bb0px||0px|||\u00bb global_colors_info=\u00bb{}\u00bb][et_pb_column type=\u00bb4_4&#8243; _builder_version=\u00bb4.18.1&#8243; _module_preset=\u00bbdefault\u00bb global_colors_info=\u00bb{}\u00bb][et_pb_text _builder_version=\u00bb4.18.1&#8243; _module_preset=\u00bbdefault\u00bb text_text_color=\u00bb#FFFFFF\u00bb text_font_size=\u00bb18px\u00bb custom_padding=\u00bb10px||15px|||\u00bb global_colors_info=\u00bb{}\u00bb]<\/p>\n<p style=\"text-align: center;\">\u00bfQu\u00e9 necesitas enviar? <strong>P\u00eddenos presupuesto <img loading=\"lazy\" decoding=\"async\" src=\"https:\/\/pastel19-cp796.wordpresstemporal.com\/internacionalcargo\/wp-content\/uploads\/2022\/11\/cursor.png\" width=\"15\" height=\"15\" alt=\"\" class=\"wp-image-20 alignnone size-full\" \/><\/strong><\/p>\n<p>[\/et_pb_text][\/et_pb_column][\/et_pb_row][\/et_pb_section][et_pb_section fb_built=\u00bb1&#8243; _builder_version=\u00bb4.18.1&#8243; _module_preset=\u00bbdefault\u00bb custom_padding=\u00bb9px||8px|||\u00bb box_shadow_style=\u00bbpreset3&#8243; global_colors_info=\u00bb{}\u00bb][et_pb_row _builder_version=\u00bb4.18.1&#8243; _module_preset=\u00bbdefault\u00bb max_width=\u00bb1418px\u00bb global_colors_info=\u00bb{}\u00bb][et_pb_column type=\u00bb4_4&#8243; _builder_version=\u00bb4.18.1&#8243; _module_preset=\u00bbdefault\u00bb global_colors_info=\u00bb{}\u00bb][et_pb_blog fullwidth=\u00bboff\u00bb posts_number=\u00bb3&#8243; show_author=\u00bboff\u00bb show_date=\u00bboff\u00bb show_categories=\u00bboff\u00bb show_pagination=\u00bboff\u00bb _builder_version=\u00bb4.18.1&#8243; _module_preset=\u00bbdefault\u00bb global_colors_info=\u00bb{}\u00bb][\/et_pb_blog][\/et_pb_column][\/et_pb_row][\/et_pb_section][et_pb_section fb_built=\u00bb1&#8243; _builder_version=\u00bb4.18.1&#8243; _module_preset=\u00bbdefault\u00bb global_colors_info=\u00bb{}\u00bb][et_pb_row column_structure=\u00bb1_3,2_3&#8243; use_custom_gutter=\u00bbon\u00bb _builder_version=\u00bb4.18.1&#8243; _module_preset=\u00bbdefault\u00bb width=\u00bb100%\u00bb max_width=\u00bb1251px\u00bb global_colors_info=\u00bb{}\u00bb][et_pb_column type=\u00bb1_3&#8243; _builder_version=\u00bb4.18.1&#8243; _module_preset=\u00bbdefault\u00bb global_colors_info=\u00bb{}\u00bb][et_pb_image src=\u00bbhttp:\/\/www.internacionalcargo.com\/wp-content\/uploads\/2022\/11\/aerial-view-of-cargo-ship-and-cargo-container-in-harbor-scaled-1.jpg\u00bb title_text=\u00bbAerial view of cargo ship and cargo container in harbor.\u00bb _builder_version=\u00bb4.19.4&#8243; _module_preset=\u00bbdefault\u00bb box_shadow_style=\u00bbpreset2&#8243; global_colors_info=\u00bb{}\u00bb][\/et_pb_image][\/et_pb_column][et_pb_column type=\u00bb2_3&#8243; _builder_version=\u00bb4.18.1&#8243; _module_preset=\u00bbdefault\u00bb global_colors_info=\u00bb{}\u00bb][et_pb_text _builder_version=\u00bb4.19.4&#8243; _module_preset=\u00bbdefault\u00bb text_text_color=\u00bb#13449a\u00bb text_font_size=\u00bb15px\u00bb header_3_text_color=\u00bb#13449a\u00bb header_3_font_size=\u00bb29px\u00bb header_3_line_height=\u00bb1.5em\u00bb width=\u00bb80%\u00bb max_width=\u00bb80%\u00bb module_alignment=\u00bbcenter\u00bb custom_margin=\u00bb-10px|||-13px||\u00bb custom_padding=\u00bb1px||15px|||\u00bb locked=\u00bboff\u00bb global_colors_info=\u00bb{}\u00bb]<\/p>\n<h3 style=\"text-align: justify;\"><strong>Tu tranquilidad <\/strong>nuestra misi\u00f3n<\/h3>\n<div class=\"col-md-6\"><\/div>\n<div class=\"col-md-6\">\n<p>Tu tranquilidad nuestra misi\u00f3n. Por que tu tranquilidad es nuestra raz\u00f3n de ser. Desde que se embarca la mercanc\u00eda, sea cual sea, <strong>Internacional Cargo<\/strong> realiza un seguimiento continuo de cada env\u00edo, para que cualquier incidencia pueda ser solventada por nuestro equipo de profesionales, algunos con m\u00e1s de 30 a\u00f1os de experiencia en el sector log\u00edstico. Toda carga realizada desde <strong>Internacional Cargo<\/strong>, est\u00e1 asegurada ante cualquier imprevisto y hacemos de su transporte algo seguro y fiable.<\/p>\n<\/div>\n<div class=\"col-md-6\">\n<p>Nuestra experiencia nos avala y es la misi\u00f3n de <strong>Internacional Cargo<\/strong> seguir siendo referente en el transporte a trav\u00e9s de nuestros clientes satisfechos. Por eso su tranquilidad hace que para nosotros sea referencia y motivaci\u00f3n en cada una de las cargas que <strong>Internacional Cargo<\/strong> realiza. Llevamos a cualquier punto del mundo aquello que su empresa demande de forma segura y fiable.<\/p>\n<\/div>\n<p>[\/et_pb_text][\/et_pb_column][\/et_pb_row][\/et_pb_section]<\/p>\n","protected":false},"excerpt":{"rendered":"<p>\u00daltimas noticias\u00bfQu\u00e9 necesitas enviar? P\u00eddenos presupuesto Tu tranquilidad nuestra misi\u00f3n Tu tranquilidad nuestra misi\u00f3n. Por que tu tranquilidad es nuestra raz\u00f3n de ser. Desde que se embarca la mercanc\u00eda, sea cual sea, Internacional Cargo realiza un seguimiento continuo de cada env\u00edo, para que cualquier incidencia pueda ser solventada por nuestro equipo de profesionales, algunos con [&hellip;]<\/p>\n","protected":false},"author":1,"featured_media":0,"parent":0,"menu_order":0,"comment_status":"closed","ping_status":"closed","template":"","meta":{"_et_pb_use_builder":"on","_et_pb_old_content":"","_et_gb_content_width":"","footnotes":""},"class_list":["post-117","page","type-page","status-publish","hentry"],"_links":{"self":[{"href":"https:\/\/www.internacionalcargo.com\/en\/wp-json\/wp\/v2\/pages\/117","targetHints":{"allow":["GET"]}}],"collection":[{"href":"https:\/\/www.internacionalcargo.com\/en\/wp-json\/wp\/v2\/pages"}],"about":[{"href":"https:\/\/www.internacionalcargo.com\/en\/wp-json\/wp\/v2\/types\/page"}],"author":[{"embeddable":true,"href":"https:\/\/www.internacionalcargo.com\/en\/wp-json\/wp\/v2\/users\/1"}],"replies":[{"embeddable":true,"href":"https:\/\/www.internacionalcargo.com\/en\/wp-json\/wp\/v2\/comments?post=117"}],"version-history":[{"count":6,"href":"https:\/\/www.internacionalcargo.com\/en\/wp-json\/wp\/v2\/pages\/117\/revisions"}],"predecessor-version":[{"id":352,"href":"https:\/\/www.internacionalcargo.com\/en\/wp-json\/wp\/v2\/pages\/117\/revisions\/352"}],"wp:attachment":[{"href":"https:\/\/www.internacionalcargo.com\/en\/wp-json\/wp\/v2\/media?parent=117"}],"curies":[{"name":"wp","href":"https:\/\/api.w.org\/{rel}","templated":true}]}}

<p>[et_pb_section fb_built=»1&#8243; _builder_version=»4.19.4&#8243; _module_preset=»default» background_color=»rgba(0,0,0,0.38)» background_image=»http://www.internacionalcargo.com/wp-content/uploads/2022/11/container-ship-loading-and-unloading-in-deep-sea-port-at-sunset-aerial-view-of-business-logistic-import-and-export-scaled-1.jpg» background_blend=»overlay» custom_padding=»0px||0px|||» global_colors_info=»{}»][et_pb_row use_custom_gutter=»on» _builder_version=»4.18.1&#8243; _module_preset=»default» width=»100%» max_width=»1542px» custom_padding=»1px||0px|||» global_colors_info=»{}»][et_pb_column type=»4_4&#8243; _builder_version=»4.18.1&#8243; _module_preset=»default» global_colors_info=»{}»][et_pb_text _builder_version=»4.18.1&#8243; _module_preset=»default» header_text_color=»#FFFFFF» header_font_size=»52px» custom_margin=»150px||150px||true|false» global_colors_info=»{}»]</p>
<h1 style="text-align: center;">Últimas noticias</h1>
<p>[/et_pb_text][/et_pb_column][/et_pb_row][/et_pb_section][et_pb_section fb_built=»1&#8243; _builder_version=»4.18.1&#8243; _module_preset=»default» custom_padding=»0px||0px|||» global_colors_info=»{}»][et_pb_row _builder_version=»4.19.4&#8243; _module_preset=»default» background_color=»#13449a» width=»100%» max_width=»100vw» custom_padding=»0px||0px|||» global_colors_info=»{}»][et_pb_column type=»4_4&#8243; _builder_version=»4.18.1&#8243; _module_preset=»default» global_colors_info=»{}»][et_pb_text _builder_version=»4.18.1&#8243; _module_preset=»default» text_text_color=»#FFFFFF» text_font_size=»18px» custom_padding=»10px||15px|||» global_colors_info=»{}»]</p>
<p style="text-align: center;">¿Qué necesitas enviar? <strong>Pídenos presupuesto <img loading="lazy" decoding="async" src="https://pastel19-cp796.wordpresstemporal.com/internacionalcargo/wp-content/uploads/2022/11/cursor.png" width="15" height="15" alt="" class="wp-image-20 alignnone size-full" /></strong></p>
<p>[/et_pb_text][/et_pb_column][/et_pb_row][/et_pb_section][et_pb_section fb_built=»1&#8243; _builder_version=»4.18.1&#8243; _module_preset=»default» custom_padding=»9px||8px|||» box_shadow_style=»preset3&#8243; global_colors_info=»{}»][et_pb_row _builder_version=»4.18.1&#8243; _module_preset=»default» max_width=»1418px» global_colors_info=»{}»][et_pb_column type=»4_4&#8243; _builder_version=»4.18.1&#8243; _module_preset=»default» global_colors_info=»{}»][et_pb_blog fullwidth=»off» posts_number=»3&#8243; show_author=»off» show_date=»off» show_categories=»off» show_pagination=»off» _builder_version=»4.18.1&#8243; _module_preset=»default» global_colors_info=»{}»][/et_pb_blog][/et_pb_column][/et_pb_row][/et_pb_section][et_pb_section fb_built=»1&#8243; _builder_version=»4.18.1&#8243; _module_preset=»default» global_colors_info=»{}»][et_pb_row column_structure=»1_3,2_3&#8243; use_custom_gutter=»on» _builder_version=»4.18.1&#8243; _module_preset=»default» width=»100%» max_width=»1251px» global_colors_info=»{}»][et_pb_column type=»1_3&#8243; _builder_version=»4.18.1&#8243; _module_preset=»default» global_colors_info=»{}»][et_pb_image src=»http://www.internacionalcargo.com/wp-content/uploads/2022/11/aerial-view-of-cargo-ship-and-cargo-container-in-harbor-scaled-1.jpg» title_text=»Aerial view of cargo ship and cargo container in harbor.» _builder_version=»4.19.4&#8243; _module_preset=»default» box_shadow_style=»preset2&#8243; global_colors_info=»{}»][/et_pb_image][/et_pb_column][et_pb_column type=»2_3&#8243; _builder_version=»4.18.1&#8243; _module_preset=»default» global_colors_info=»{}»][et_pb_text _builder_version=»4.19.4&#8243; _module_preset=»default» text_text_color=»#13449a» text_font_size=»15px» header_3_text_color=»#13449a» header_3_font_size=»29px» header_3_line_height=»1.5em» width=»80%» max_width=»80%» module_alignment=»center» custom_margin=»-10px|||-13px||» custom_padding=»1px||15px|||» locked=»off» global_colors_info=»{}»]</p>
<h3 style="text-align: justify;"><strong>Tu tranquilidad </strong>nuestra misión</h3>
<div class="col-md-6"></div>
<div class="col-md-6">
<p>Tu tranquilidad nuestra misión. Por que tu tranquilidad es nuestra razón de ser. Desde que se embarca la mercancía, sea cual sea, <strong>Internacional Cargo</strong> realiza un seguimiento continuo de cada envío, para que cualquier incidencia pueda ser solventada por nuestro equipo de profesionales, algunos con más de 30 años de experiencia en el sector logístico. Toda carga realizada desde <strong>Internacional Cargo</strong>, está asegurada ante cualquier imprevisto y hacemos de su transporte algo seguro y fiable.</p>
</div>
<div class="col-md-6">
<p>Nuestra experiencia nos avala y es la misión de <strong>Internacional Cargo</strong> seguir siendo referente en el transporte a través de nuestros clientes satisfechos. Por eso su tranquilidad hace que para nosotros sea referencia y motivación en cada una de las cargas que <strong>Internacional Cargo</strong> realiza. Llevamos a cualquier punto del mundo aquello que su empresa demande de forma segura y fiable.</p>
</div>
<p>[/et_pb_text][/et_pb_column][/et_pb_row][/et_pb_section]</p>

<p>Últimas noticias¿Qué necesitas enviar? Pídenos presupuesto Tu tranquilidad nuestra misión Tu tranquilidad nuestra misión. Por que tu tranquilidad es nuestra razón de ser. Desde que se embarca la mercancía, sea cual sea, Internacional Cargo realiza un seguimiento continuo de cada envío, para que cualquier incidencia pueda ser solventada por nuestro equipo de profesionales, algunos con [&hellip;]</p>
