{"id":11,"date":"2022-11-07T21:47:46","date_gmt":"2022-11-07T21:47:46","guid":{"rendered":"https:\/\/pastel19-cp796.wordpresstemporal.com\/internacionalcargo\/?page_id=11"},"modified":"2023-02-01T09:59:11","modified_gmt":"2023-02-01T09:59:11","slug":"transporte-aereo","status":"publish","type":"page","link":"https:\/\/www.internacionalcargo.com\/en\/transporte-aereo\/","title":{"rendered":"Air transport"},"content":{"rendered":"<p>[et_pb_section fb_built=\u00bb1&#8243; _builder_version=\u00bb4.19.4&#8243; _module_preset=\u00bbdefault\u00bb background_image=\u00bbhttp:\/\/www.internacionalcargo.com\/wp-content\/uploads\/2022\/11\/airplane-flying-over-airport-runway-scaled-1.jpg\u00bb custom_padding=\u00bb||204px|||\u00bb locked=\u00bboff\u00bb global_colors_info=\u00bb{}\u00bb][\/et_pb_section][et_pb_section fb_built=\u00bb1&#8243; _builder_version=\u00bb4.18.1&#8243; _module_preset=\u00bbdefault\u00bb custom_padding=\u00bb0px||0px|||\u00bb global_colors_info=\u00bb{}\u00bb][et_pb_row _builder_version=\u00bb4.19.4&#8243; _module_preset=\u00bbdefault\u00bb background_color=\u00bb#13449a\u00bb width=\u00bb100%\u00bb max_width=\u00bb100vw\u00bb custom_padding=\u00bb0px||0px|||\u00bb global_colors_info=\u00bb{}\u00bb][et_pb_column type=\u00bb4_4&#8243; _builder_version=\u00bb4.18.1&#8243; _module_preset=\u00bbdefault\u00bb global_colors_info=\u00bb{}\u00bb][et_pb_text _builder_version=\u00bb4.19.4&#8243; _module_preset=\u00bbdefault\u00bb text_text_color=\u00bb#FFFFFF\u00bb text_font_size=\u00bb18px\u00bb custom_padding=\u00bb10px||15px|||\u00bb global_colors_info=\u00bb{}\u00bb]<\/p>\n<p style=\"text-align: center;\">\u00bfQu\u00e9 necesitas enviar? <span style=\"color: #ffffff;\"><a href=\"https:\/\/internacionalcargo.com\/formulario-presupuesto\/\" style=\"color: #ffffff;\"><strong>P\u00eddenos presupuesto <img loading=\"lazy\" decoding=\"async\" src=\"https:\/\/pastel19-cp796.wordpresstemporal.com\/internacionalcargo\/wp-content\/uploads\/2022\/11\/cursor.png\" width=\"15\" height=\"15\" alt=\"\" class=\"wp-image-20 alignnone size-full\" \/><\/strong><\/a><\/span><\/p>\n<p>[\/et_pb_text][\/et_pb_column][\/et_pb_row][\/et_pb_section][et_pb_section fb_built=\u00bb1&#8243; _builder_version=\u00bb4.18.1&#8243; _module_preset=\u00bbdefault\u00bb custom_padding=\u00bb0px||0px|||\u00bb locked=\u00bboff\u00bb global_colors_info=\u00bb{}\u00bb][et_pb_row _builder_version=\u00bb4.18.1&#8243; _module_preset=\u00bbdefault\u00bb custom_padding=\u00bb||6px|||\u00bb global_colors_info=\u00bb{}\u00bb][et_pb_column type=\u00bb4_4&#8243; _builder_version=\u00bb4.18.1&#8243; _module_preset=\u00bbdefault\u00bb global_colors_info=\u00bb{}\u00bb][et_pb_text _builder_version=\u00bb4.18.1&#8243; _module_preset=\u00bbdefault\u00bb text_text_color=\u00bb#13449a\u00bb text_font_size=\u00bb15px\u00bb header_3_text_color=\u00bb#13449a\u00bb header_3_font_size=\u00bb43px\u00bb header_3_line_height=\u00bb1.5em\u00bb custom_padding=\u00bb0px||0px|||\u00bb locked=\u00bboff\u00bb global_colors_info=\u00bb{}\u00bb]<\/p>\n<h3 style=\"text-align: center;\"><strong>Transporte a\u00e9reo<\/strong><\/h3>\n<p>[\/et_pb_text][\/et_pb_column][\/et_pb_row][\/et_pb_section][et_pb_section fb_built=\u00bb1&#8243; _builder_version=\u00bb4.18.1&#8243; _module_preset=\u00bbdefault\u00bb custom_padding=\u00bb0px||24px|||\u00bb locked=\u00bboff\u00bb global_colors_info=\u00bb{}\u00bb][et_pb_row column_structure=\u00bb3_5,2_5&#8243; use_custom_gutter=\u00bbon\u00bb _builder_version=\u00bb4.18.1&#8243; _module_preset=\u00bbdefault\u00bb width=\u00bb100%\u00bb max_width=\u00bb1265px\u00bb global_colors_info=\u00bb{}\u00bb][et_pb_column type=\u00bb3_5&#8243; _builder_version=\u00bb4.18.1&#8243; _module_preset=\u00bbdefault\u00bb global_colors_info=\u00bb{}\u00bb][et_pb_text _builder_version=\u00bb4.19.4&#8243; _module_preset=\u00bbdefault\u00bb text_text_color=\u00bb#13449a\u00bb text_font_size=\u00bb17px\u00bb text_line_height=\u00bb1.8em\u00bb header_3_text_color=\u00bb#13449a\u00bb header_3_font_size=\u00bb29px\u00bb header_3_line_height=\u00bb1.5em\u00bb width=\u00bb80%\u00bb max_width=\u00bb80%\u00bb module_alignment=\u00bbcenter\u00bb custom_margin=\u00bb||||false|false\u00bb custom_padding=\u00bb||||false|false\u00bb locked=\u00bboff\u00bb global_colors_info=\u00bb{}\u00bb]<\/p>\n<p><strong>SERVICIO INTEGRAL DE TRANSPORTE A\u00c9REO DE MERCANCIAS.<\/strong><\/p>\n<p>El transporte a\u00e9reo de mercanc\u00edas es una de las modalidades m\u00e1s usadas de transporte para realizar tareas de exportaci\u00f3n e importaci\u00f3n en el mercado actual.<\/p>\n<p>Ofrecemos con este servico:<\/p>\n<p><strong>Rapidez<\/strong>: Esta opci\u00f3n de transporte es la m\u00e1s recomendable si necesitamos enviar nuestra mercanc\u00eda con urgencia.<\/p>\n<p><strong>Acceso a lugares lejanos<\/strong>, el transporte de mercanc\u00edas no tiene limitaciones para llegar a cualquier parte del mundo, haci\u00e9ndolo es muy poco tiempo.<\/p>\n<p>Gracias a la amplia red de aeropuertos con los que contamos, se pueden enviar mercanc\u00edas a cualquier lugar del mundo de forma muy \u00e1gil.<\/p>\n<p>[\/et_pb_text][\/et_pb_column][et_pb_column type=\u00bb2_5&#8243; _builder_version=\u00bb4.18.1&#8243; _module_preset=\u00bbdefault\u00bb global_colors_info=\u00bb{}\u00bb][et_pb_image src=\u00bbhttp:\/\/www.internacionalcargo.com\/wp-content\/uploads\/2022\/11\/aircraft-over-cloud-blue-sky-scaled-1.jpg\u00bb title_text=\u00bbaircraft-over-cloud-blue-sky\u00bb _builder_version=\u00bb4.19.4&#8243; _module_preset=\u00bbdefault\u00bb custom_margin=\u00bb||||false|false\u00bb box_shadow_style=\u00bbpreset2&#8243; global_colors_info=\u00bb{}\u00bb][\/et_pb_image][\/et_pb_column][\/et_pb_row][\/et_pb_section][et_pb_section fb_built=\u00bb1&#8243; _builder_version=\u00bb4.18.1&#8243; _module_preset=\u00bbdefault\u00bb custom_padding=\u00bb0px|||||\u00bb locked=\u00bboff\u00bb global_colors_info=\u00bb{}\u00bb][et_pb_row column_structure=\u00bb2_5,3_5&#8243; use_custom_gutter=\u00bbon\u00bb _builder_version=\u00bb4.18.1&#8243; _module_preset=\u00bbdefault\u00bb width=\u00bb100%\u00bb max_width=\u00bb1269px\u00bb global_colors_info=\u00bb{}\u00bb][et_pb_column type=\u00bb2_5&#8243; _builder_version=\u00bb4.18.1&#8243; _module_preset=\u00bbdefault\u00bb global_colors_info=\u00bb{}\u00bb][et_pb_image src=\u00bbhttp:\/\/www.internacionalcargo.com\/wp-content\/uploads\/2022\/11\/airplane-taking-off-from-the-airport-scaled-1.jpg\u00bb title_text=\u00bbAirplane taking off from the airport.\u00bb _builder_version=\u00bb4.19.4&#8243; _module_preset=\u00bbdefault\u00bb box_shadow_style=\u00bbpreset2&#8243; global_colors_info=\u00bb{}\u00bb][\/et_pb_image][\/et_pb_column][et_pb_column type=\u00bb3_5&#8243; _builder_version=\u00bb4.18.1&#8243; _module_preset=\u00bbdefault\u00bb global_colors_info=\u00bb{}\u00bb][et_pb_text _builder_version=\u00bb4.19.4&#8243; _module_preset=\u00bbdefault\u00bb text_text_color=\u00bb#13449a\u00bb text_font_size=\u00bb19px\u00bb text_line_height=\u00bb1.6em\u00bb header_3_text_color=\u00bb#13449a\u00bb header_3_font_size=\u00bb29px\u00bb header_3_line_height=\u00bb1.5em\u00bb header_5_text_color=\u00bb#13449a\u00bb header_5_font_size=\u00bb20px\u00bb header_5_line_height=\u00bb1.4em\u00bb width=\u00bb80%\u00bb max_width=\u00bb80%\u00bb module_alignment=\u00bbcenter\u00bb custom_margin=\u00bb||||false|false\u00bb custom_padding=\u00bb||||false|false\u00bb locked=\u00bboff\u00bb global_colors_info=\u00bb{}\u00bb]<\/p>\n<div class=\"col-md-6\">\n<h5>Nuestros servicios de <strong>transporte a\u00e9reo<\/strong> son:<\/h5>\n<ul><\/ul>\n<ul class=\"list-marked\">\n<li>Servicio de grupaje<\/li>\n<li>Mercanc\u00eda sobredimensionada<\/li>\n<li>Servicios directos<\/li>\n<li>Vuelos diarios<\/li>\n<li>Almacenaje en nuestros almacenes del aeropuerto<\/li>\n<li>Despacho de aduanas de export e import<\/li>\n<li>Vuelos con temperatura controlada y congelada<\/li>\n<li>Servicio de recogida y entrega diaria<\/li>\n<\/ul>\n<\/div>\n<p>[\/et_pb_text][\/et_pb_column][\/et_pb_row][\/et_pb_section]<\/p>\n","protected":false},"excerpt":{"rendered":"<p>\u00bfQu\u00e9 necesitas enviar? P\u00eddenos presupuesto Transporte a\u00e9reoSERVICIO INTEGRAL DE TRANSPORTE A\u00c9REO DE MERCANCIAS. El transporte a\u00e9reo de mercanc\u00edas es una de las modalidades m\u00e1s usadas de transporte para realizar tareas de exportaci\u00f3n e importaci\u00f3n en el mercado actual. Ofrecemos con este servico: Rapidez: Esta opci\u00f3n de transporte es la m\u00e1s recomendable si necesitamos enviar nuestra [&hellip;]<\/p>\n","protected":false},"author":1,"featured_media":0,"parent":0,"menu_order":0,"comment_status":"closed","ping_status":"closed","template":"","meta":{"_et_pb_use_builder":"on","_et_pb_old_content":"","_et_gb_content_width":"","footnotes":""},"class_list":["post-11","page","type-page","status-publish","hentry"],"_links":{"self":[{"href":"https:\/\/www.internacionalcargo.com\/en\/wp-json\/wp\/v2\/pages\/11","targetHints":{"allow":["GET"]}}],"collection":[{"href":"https:\/\/www.internacionalcargo.com\/en\/wp-json\/wp\/v2\/pages"}],"about":[{"href":"https:\/\/www.internacionalcargo.com\/en\/wp-json\/wp\/v2\/types\/page"}],"author":[{"embeddable":true,"href":"https:\/\/www.internacionalcargo.com\/en\/wp-json\/wp\/v2\/users\/1"}],"replies":[{"embeddable":true,"href":"https:\/\/www.internacionalcargo.com\/en\/wp-json\/wp\/v2\/comments?post=11"}],"version-history":[{"count":7,"href":"https:\/\/www.internacionalcargo.com\/en\/wp-json\/wp\/v2\/pages\/11\/revisions"}],"predecessor-version":[{"id":338,"href":"https:\/\/www.internacionalcargo.com\/en\/wp-json\/wp\/v2\/pages\/11\/revisions\/338"}],"wp:attachment":[{"href":"https:\/\/www.internacionalcargo.com\/en\/wp-json\/wp\/v2\/media?parent=11"}],"curies":[{"name":"wp","href":"https:\/\/api.w.org\/{rel}","templated":true}]}}

<p>[et_pb_section fb_built=»1&#8243; _builder_version=»4.19.4&#8243; _module_preset=»default» background_image=»http://www.internacionalcargo.com/wp-content/uploads/2022/11/airplane-flying-over-airport-runway-scaled-1.jpg» custom_padding=»||204px|||» locked=»off» global_colors_info=»{}»][/et_pb_section][et_pb_section fb_built=»1&#8243; _builder_version=»4.18.1&#8243; _module_preset=»default» custom_padding=»0px||0px|||» global_colors_info=»{}»][et_pb_row _builder_version=»4.19.4&#8243; _module_preset=»default» background_color=»#13449a» width=»100%» max_width=»100vw» custom_padding=»0px||0px|||» global_colors_info=»{}»][et_pb_column type=»4_4&#8243; _builder_version=»4.18.1&#8243; _module_preset=»default» global_colors_info=»{}»][et_pb_text _builder_version=»4.19.4&#8243; _module_preset=»default» text_text_color=»#FFFFFF» text_font_size=»18px» custom_padding=»10px||15px|||» global_colors_info=»{}»]</p>
<p style="text-align: center;">¿Qué necesitas enviar? <span style="color: #ffffff;"><a href="https://internacionalcargo.com/formulario-presupuesto/" style="color: #ffffff;"><strong>Pídenos presupuesto <img loading="lazy" decoding="async" src="https://pastel19-cp796.wordpresstemporal.com/internacionalcargo/wp-content/uploads/2022/11/cursor.png" width="15" height="15" alt="" class="wp-image-20 alignnone size-full" /></strong></a></span></p>
<p>[/et_pb_text][/et_pb_column][/et_pb_row][/et_pb_section][et_pb_section fb_built=»1&#8243; _builder_version=»4.18.1&#8243; _module_preset=»default» custom_padding=»0px||0px|||» locked=»off» global_colors_info=»{}»][et_pb_row _builder_version=»4.18.1&#8243; _module_preset=»default» custom_padding=»||6px|||» global_colors_info=»{}»][et_pb_column type=»4_4&#8243; _builder_version=»4.18.1&#8243; _module_preset=»default» global_colors_info=»{}»][et_pb_text _builder_version=»4.18.1&#8243; _module_preset=»default» text_text_color=»#13449a» text_font_size=»15px» header_3_text_color=»#13449a» header_3_font_size=»43px» header_3_line_height=»1.5em» custom_padding=»0px||0px|||» locked=»off» global_colors_info=»{}»]</p>
<h3 style="text-align: center;"><strong>Transporte aéreo</strong></h3>
<p>[/et_pb_text][/et_pb_column][/et_pb_row][/et_pb_section][et_pb_section fb_built=»1&#8243; _builder_version=»4.18.1&#8243; _module_preset=»default» custom_padding=»0px||24px|||» locked=»off» global_colors_info=»{}»][et_pb_row column_structure=»3_5,2_5&#8243; use_custom_gutter=»on» _builder_version=»4.18.1&#8243; _module_preset=»default» width=»100%» max_width=»1265px» global_colors_info=»{}»][et_pb_column type=»3_5&#8243; _builder_version=»4.18.1&#8243; _module_preset=»default» global_colors_info=»{}»][et_pb_text _builder_version=»4.19.4&#8243; _module_preset=»default» text_text_color=»#13449a» text_font_size=»17px» text_line_height=»1.8em» header_3_text_color=»#13449a» header_3_font_size=»29px» header_3_line_height=»1.5em» width=»80%» max_width=»80%» module_alignment=»center» custom_margin=»||||false|false» custom_padding=»||||false|false» locked=»off» global_colors_info=»{}»]</p>
<p><strong>SERVICIO INTEGRAL DE TRANSPORTE AÉREO DE MERCANCIAS.</strong></p>
<p>El transporte aéreo de mercancías es una de las modalidades más usadas de transporte para realizar tareas de exportación e importación en el mercado actual.</p>
<p>Ofrecemos con este servico:</p>
<p><strong>Rapidez</strong>: Esta opción de transporte es la más recomendable si necesitamos enviar nuestra mercancía con urgencia.</p>
<p><strong>Acceso a lugares lejanos</strong>, el transporte de mercancías no tiene limitaciones para llegar a cualquier parte del mundo, haciéndolo es muy poco tiempo.</p>
<p>Gracias a la amplia red de aeropuertos con los que contamos, se pueden enviar mercancías a cualquier lugar del mundo de forma muy ágil.</p>
<p>[/et_pb_text][/et_pb_column][et_pb_column type=»2_5&#8243; _builder_version=»4.18.1&#8243; _module_preset=»default» global_colors_info=»{}»][et_pb_image src=»http://www.internacionalcargo.com/wp-content/uploads/2022/11/aircraft-over-cloud-blue-sky-scaled-1.jpg» title_text=»aircraft-over-cloud-blue-sky» _builder_version=»4.19.4&#8243; _module_preset=»default» custom_margin=»||||false|false» box_shadow_style=»preset2&#8243; global_colors_info=»{}»][/et_pb_image][/et_pb_column][/et_pb_row][/et_pb_section][et_pb_section fb_built=»1&#8243; _builder_version=»4.18.1&#8243; _module_preset=»default» custom_padding=»0px|||||» locked=»off» global_colors_info=»{}»][et_pb_row column_structure=»2_5,3_5&#8243; use_custom_gutter=»on» _builder_version=»4.18.1&#8243; _module_preset=»default» width=»100%» max_width=»1269px» global_colors_info=»{}»][et_pb_column type=»2_5&#8243; _builder_version=»4.18.1&#8243; _module_preset=»default» global_colors_info=»{}»][et_pb_image src=»http://www.internacionalcargo.com/wp-content/uploads/2022/11/airplane-taking-off-from-the-airport-scaled-1.jpg» title_text=»Airplane taking off from the airport.» _builder_version=»4.19.4&#8243; _module_preset=»default» box_shadow_style=»preset2&#8243; global_colors_info=»{}»][/et_pb_image][/et_pb_column][et_pb_column type=»3_5&#8243; _builder_version=»4.18.1&#8243; _module_preset=»default» global_colors_info=»{}»][et_pb_text _builder_version=»4.19.4&#8243; _module_preset=»default» text_text_color=»#13449a» text_font_size=»19px» text_line_height=»1.6em» header_3_text_color=»#13449a» header_3_font_size=»29px» header_3_line_height=»1.5em» header_5_text_color=»#13449a» header_5_font_size=»20px» header_5_line_height=»1.4em» width=»80%» max_width=»80%» module_alignment=»center» custom_margin=»||||false|false» custom_padding=»||||false|false» locked=»off» global_colors_info=»{}»]</p>
<div class="col-md-6">
<h5>Nuestros servicios de <strong>transporte aéreo</strong> son:</h5>
<ul></ul>
<ul class="list-marked">
<li>Servicio de grupaje</li>
<li>Mercancía sobredimensionada</li>
<li>Servicios directos</li>
<li>Vuelos diarios</li>
<li>Almacenaje en nuestros almacenes del aeropuerto</li>
<li>Despacho de aduanas de export e import</li>
<li>Vuelos con temperatura controlada y congelada</li>
<li>Servicio de recogida y entrega diaria</li>
</ul>
</div>
<p>[/et_pb_text][/et_pb_column][/et_pb_row][/et_pb_section]</p>

<p>¿Qué necesitas enviar? Pídenos presupuesto Transporte aéreoSERVICIO INTEGRAL DE TRANSPORTE AÉREO DE MERCANCIAS. El transporte aéreo de mercancías es una de las modalidades más usadas de transporte para realizar tareas de exportación e importación en el mercado actual. Ofrecemos con este servico: Rapidez: Esta opción de transporte es la más recomendable si necesitamos enviar nuestra [&hellip;]</p>
